= 31. What are the prime factors of 2 + h/(-1 + 2)?
2, 5
List the prime factors of (-171)/38*(-104)/3.
2, 3, 13
Let r(l) be the first derivative of 3*l**2/2 - l + 1. Let h be r(1). Suppose -4 = 4*f, -h*m - 3*f + 5 = -2*f. List the prime factors of m.
3
Let a = 40 - -131. List the prime factors of a.
3, 19
Let s = 58 + 1. List the prime factors of s.
59
Let j = -4 + 4. Suppose -2*w - 12 - 4 = j. What are the prime factors of w/5*5/(-1)?
2
Let b be (-6)/3 + 2*5. Let i(o) = -o**2 + 9*o + 10. List the prime factors of i(b).
2, 3
Let g be 4/(-6) - 613/3. What are the prime factors of g/(-6) + 5/(-30)?
2, 17
Let n = 0 + 2. Suppose -3 = -a + n. List the prime factors of a.
5
Suppose 0 = 4*z + z - 15. Suppose 2*f - z*f + 2 = 0. What are the prime factors of f?
2
What are the prime factors of 322/5 + (-10)/25?
2
Let x(r) = r**2 + r - 1. Let m(u) = 0*u**3 - u + u**3 + 2 + 0*u. Let o be m(0). What are the prime factors of x(o)?
5
List the prime factors of -5*(-2 + -3) + -3.
2, 11
Let k(n) = n**3 + 7*n**2 - 11*n - 10. Let f be k(-8). Suppose 4*o - f + 6 = 0. What are the prime factors of o?
2
Suppose -10 = 3*r - d, 3*r + 2*r = 3*d - 22. Let k be (-1)/((0 - -1) + r). Let p = k - -1. List the prime factors of p.
2
Let b be -5*-74*(-6)/(-20). Let r = -66 + b. List the prime factors of r.
3, 5
Let m = 36 - 0. Suppose 5*w = w + m. What are the prime factors of w?
3
Let q(a) = a + 6. Let h(p) = p**2 + 5*p - 2. Let n be h(-4). Let l be q(n). Suppose 4*m + 0*m - 20 = l. List the prime factors of m.
5
Let p = -37 - -21. Let w be (-14)/(2/(4/(-1))). Let g = w + p. List the prime factors of g.
2, 3
Suppose 0 = -0*w - w + 21. List the prime factors of w.
3, 7
List the prime factors of (-1465)/(-25) + (-2)/(-5).
59
Let v = 282 + -176. What are the prime factors of v?
2, 53
Let j = -44 - -95. What are the prime factors of j?
3, 17
Suppose 63 = 2*s - 23. Let g = -29 + s. List the prime factors of g.
2, 7
Let z = -12 - -14. Suppose -3*m - z = -101. List the prime factors of m.
3, 11
Let c be -2 - ((48 - -3) + 0). Let w = c + 84. List the prime factors of w.
31
Suppose -2*z + 189 = -4*r + 5*r, z - 67 = 5*r. List the prime factors of z.
2, 23
Suppose g + 155 = 6*g. Let h = g - -7. What are the prime factors of h?
2, 19
Suppose -364 = -4*l - 4*s - 88, 0 = -2*l + 4*s + 126. What are the prime factors of l?
67
Suppose -1 = -2*r + 3*r, -4*l + 87 = -3*r. Suppose -5*s = -d - 3*s + l, -4*s = 4*d - 120. List the prime factors of d.
3
Let h = -3 - 0. Let g(m) = m**3 + 4*m**2 - 1. Let a be g(h). Suppose 5*p + l - a = 23, 10 = p + 4*l. What are the prime factors of p?
2, 3
Suppose 2*q - 328 = -72. List the prime factors of q.
2
Let k(v) be the first derivative of v**4/4 - 2*v**3 + 5*v**2/2 + v - 2. Let r be k(5). Let o = 3 - r. What are the prime factors of o?
2
Let f(j) = j + 2. Let n be f(2). Suppose 0 = -n*h - 2 - 2. List the prime factors of h/(-3) - 24/(-9).
3
List the prime factors of ((-33)/9*-6)/1.
2, 11
Let k(v) = v**3 + 6*v**2 - 8*v - 6. Let c be k(-7). Suppose m - 4*p = c, -6*m + p + 49 = -2*m. What are the prime factors of m?
13
Suppose 4 = 4*x - 8. Suppose -3*s - 3*t + x = 0, -t = s + t. Suppose -2*g - 14 = -s*a - 3*g, a - 7 = -4*g. List the prime factors of a.
7
Suppose -2*f + 124 + 18 = 0. List the prime factors of f.
71
Let l = -12 + 4. Let x = 20 + l. List the prime factors of x.
2, 3
Suppose -2*z - 406 = -4*q - 0*z, -12 = -4*z. What are the prime factors of q?
103
Let c be 5/(-5) + (1 - -3). Let u(l) = -4*l - 4*l + c - l**3 + 9*l + 8*l**2 - 5. List the prime factors of u(8).
2, 3
Let y(j) = j + 6. Let o be y(-6). Suppose -3*r - 24 - 14 = -i, o = -i + 2*r + 35. Let u = i + -18. List the prime factors of u.
11
Let r(q) be the first derivative of -1/2*q**2 - 1 + 6*q**3 - q. List the prime factors of r(-1).
2, 3
Suppose -753 = -9*r - 168. List the prime factors of r.
5, 13
Suppose -2*j + 298 = 3*n, -2 = -0*j + 2*j. What are the prime factors of n?
2, 5
Suppose 13 = u + 2*t, -4*t + 70 = 5*u + t. Let f = 24 - u. Let h = f - -1. What are the prime factors of h?
2, 5
Let c(p) = p**2 + 5*p + 4. Let v = -14 - -10. Let i be c(v). Let u = 2 - i. List the prime factors of u.
2
Suppose -19*m + 2151 = -10*m. List the prime factors of m.
239
What are the prime factors of (-3 + (-84)/(-2))*1?
3, 13
Let z(p) = -p**3 + 8*p**2 - 6*p - 5. Let c(s) = 2*s**3 - 16*s**2 + 12*s + 10. Let t(d) = 3*c(d) + 7*z(d). List the prime factors of t(7).
2
Let y = -788 - -262. Let x be y/(-10) - 10/(-25). Suppose -3*l + x - 8 = 0. What are the prime factors of l?
3, 5
Let k = 16 + -76. List the prime factors of k/8*(-2)/3.
5
Let h be (-14)/(-6) + (-18)/(-27). Let c(t) = -t**2 + 3*t - 1. Let y be c(2). Let q = h - y. What are the prime factors of q?
2
Suppose -3*v - 73 = v + 5*b, -50 = 5*v - 2*b. What are the prime factors of 114/v*(-1 - 1)?
19
Let k(r) = -r**3 + 5*r**2 + 5. Suppose 0*q + 4 = 4*q. Let y(b) = 5*b. Let u be y(q). List the prime factors of k(u).
5
Suppose 287 = 4*c - 285. What are the prime factors of c?
11, 13
Let g = -13 + 13. Let w = 2 + g. List the prime factors of w.
2
Suppose 3 + 2 = 5*v. Let x = v - -2. Suppose -3*g - c = 2*c - 21, x*c + 3 = g. What are the prime factors of g?
2, 3
Suppose 5*t + 460 + 215 = 5*a, -a = -2*t - 138. List the prime factors of a.
2, 3, 11
Let z = 77 + -46. Let o(x) = -2*x**2 + 7*x + 8. Let b be o(6). Let r = z + b. What are the prime factors of r?
3
Let l(t) = 4*t**3 - 11*t**2 - 4*t - 7. Let a(o) = 11*o**3 - 32*o**2 - 13*o - 22. Let g(r) = 3*a(r) - 8*l(r). What are the prime factors of g(9)?
2
Suppose 0 = 2*r - 4*k - 404, -3*k - 2*k = 2*r - 377. List the prime factors of r.
2, 7
Suppose -y = -1 - 3. List the prime factors of y.
2
Suppose 5*p - 633 = 4*g, 0*g = -3*p - g + 373. What are the prime factors of p?
5
Suppose 0*u + u + 3 = q, 2*u - 36 = -5*q. Let z = 12 + q. What are the prime factors of z?
2, 3
Let v(p) = -p**2 - 16*p - 19. What are the prime factors of v(-14)?
3
Let a = -6 + 9. Let m(r) = 2*r - a*r - 6*r**2 + 25*r**2. What are the prime factors of m(-1)?
2, 5
Let s(j) = j**3 - j**2 - j - 4. Let v be s(0). Let r(i) = 8*i**3 - 2*i**3 - 5 - 3*i**3 - 2*i**3 + 5*i**2. What are the prime factors of r(v)?
11
Let d(l) = l + 4. Let r be d(-5). Let q = 6 + r. Let h = 18 - q. List the prime factors of h.
13
What are the prime factors of (-1 + 0)/(2/(-196))?
2, 7
Let h(u) be the third derivative of u**5/20 + 2*u**2. Let o(p) = p**2 + 2*p - 2. Let m be o(-3). List the prime factors of h(m).
3
Let q(j) = -j**3 - 5*j**2 + 3*j - 7. Suppose -3*c + 5 = 23. What are the prime factors of q(c)?
11
Suppose 0 = 3*w + 2*a - a - 91, 20 = 5*a. Let j = w - 15. What are the prime factors of j?
2, 7
Let f(v) = 39*v**2 - 2*v. List the prime factors of f(2).
2, 19
Let y(k) be the second derivative of -1/20*k**5 + 0 + k**2 + k + 0*k**3 + 0*k**4. List the prime factors of y(-2).
2, 5
Let m(x) = 2*x - 13. Let u be 26/3 - (-2)/6. List the prime factors of m(u).
5
Let v be 2/7 - 54/(-7). Suppose 4*c - v*c + 76 = 0. What are the prime factors of c?
19
Suppose 6 = l + 2*l. Let g(w) = -w + 0*w + w**3 - w**l - 7*w**3. What are the prime factors of g(-1)?
2, 3
Let w = -1 + 1. Suppose -4*j + 19 + 41 = w. What are the prime factors of j?
3, 5
Let f(x) = -x**2 + 10*x - 3. Let s(b) = b**2 - 11*b + 3. Let w(m) = 3*f(m) + 2*s(m). What are the prime factors of w(6)?
3
What are the prime factors of ((-693)/14)/(2/(-12))?
3, 11
Suppose 150 = 3*v + 2*v. What are the prime factors of v?
2, 3, 5
Let o(k) = -k**2 + 8*k + 6. Let z be o(7). Let y be (0/1 - 1) + z. Suppose q = 2*q - y. What are the prime factors of q?
2, 3
Let t(k) = k**2 - 3*k - 4. Let y = -3 - -6. Suppose -y*o = -4*o + 6. What are the prime factors of t(o)?
2, 7
Let k(o) = 2*o + 7. Let y be k(-5). Let h(w) be the third derivative of w**5/60 - w**4/12 - w**3/2 + 2*w**2. List the prime factors of h(y).
2, 3
Let u(l) = l**2 + 11*l - 9. What are the prime factors of u(-16)?
71
Let u be (3 - 3)/(-1 - -2). Suppose -2*b + 3*z = -u*b + 4, 3*b + 7 = 5*z. What are the prime factors of (-19)/(-6) + b/(-6)?
3
Let v be 6/(0 - 3) + 6. Suppose -4*a + 6 = -z - 45, 3*a + v*z = 62. List the prime factors of a.
2, 7
Let b = -11 + 14. List the prime factors of (-1)/((-3)/69) + b.
2, 13
Let g(y) = 3*y**2 - 5*y - 5. Let b be g(-3). What are the prim